atest common factor of 364 and f.
52
Let h = 264 + -212. What is the highest common factor of h and 39?
13
Suppose -1915 = -27*z - 403. Calculate the highest common factor of 24 and z.
8
Suppose -v = -4*v + 4*q, -5*q = -5*v. Suppose 0 = 3*b - 3*x - 90, -b + 2*x - 1 + 27 = v. Calculate the highest common divisor of b and 272.
34
Let d be ((-100)/3)/((-160)/(-30) + -6). Suppose 5*g = z - 2*z + 20, 2*z = g + 40. What is the highest common divisor of z and d?
10
Suppose n = 5*l + 23, 4*n - 17 = -7*l + 2*l. Calculate the greatest common factor of n and 16.
8
Suppose -b + 162 = 43. Let a = 21 - 65. Let g = a - -61. What is the greatest common divisor of g and b?
17
Let z = 64 + -46. Suppose 6*u = 3*x + 2*u - 98, -100 = -3*x + 5*u. What is the greatest common divisor of z and x?
6
Suppose -5*k + 2*w = -98, 0 = -4*k - 5*w + 3*w + 64. Suppose p + 0*p = 27. What is the highest common divisor of p and k?
9
Suppose 4 = 5*k - 3*k. Suppose -k + 12 = 2*f. Let t be (11 - 3) + -3 - 3. What is the greatest common divisor of f and t?
1
Let s = 510 + -486. Calculate the highest common divisor of 24 and s.
24
Let c be 3 - 3 - (2 + 0) - -50. Suppose c = s - 159. Calculate the highest common divisor of s and 23.
23
Let v be 1*27*24/18. Let a = 10 + 2. What is the highest common factor of v and a?
12
Let r(w) = w**2 - 19*w + 22. Suppose 0 = 35*x - 22*x - 234. Let u be r(x). Calculate the highest common factor of 6 and u.
2
Let s = -39 - -79. Let n be 6/4*s/15. Suppose -6*m + n = -2*m. What is the greatest common divisor of 11 and m?
1
Suppose -1470 = -4*t + 2*u, 42*t - 44*t - 5*u = -753. Calculate the highest common factor of 9 and t.
9
Let h = 15 + -17. Let v be h/((-2)/(-2) - 3). Let c(g) = -g**2 - g + 11. Let d be c(0). Calculate the highest common divisor of v and d.
1
Let j = 313 + -299. Calculate the highest common factor of 1792 and j.
14
Let h = 92 + -52. Suppose -h = -14*b - 12. Calculate the highest common divisor of 2 and b.
2
Suppose z = 3*a + 6, -4*z - 4*a = -6*z + 20. What is the highest common factor of 24 and z?
6
Let u be -72 - -63 - (-18 + 0). What is the greatest common divisor of 729 and u?
9
Let y(l) = 39*l. Let j be y(1). Suppose j = 2*p - 63. What is the highest common divisor of p and 17?
17
Suppose 4*t = 16 - 0. Suppose -11 = -2*r - 5*o, t*r + r - 71 = 2*o. Calculate the greatest common factor of 91 and r.
13
Let h(m) = -m**3 + 4*m**2 + m - 12. Let q be h(4). Let k be (-2)/q + (774/8 - -2). What is the greatest common divisor of 11 and k?
11
Let n(q) = 3*q + 21. Let a be n(-7). Suppose 0 = 5*r - f + 2*f - 111, -5*f + 5 = a. What is the greatest common divisor of 11 and r?
11
Let v be (-2)/(-11) - 682/(-242) - -10. Calculate the highest common factor of v and 208.
13
Suppose l = 5*i + 28, 2*l + i - 8 = -i. Let q(b) = -b + 3. Let t be q(-6). Let u = t - l. What is the greatest common factor of u and 7?
1
Let m(n) = -n**2 - n. Let x be m(0). Let y be (22/6 + x)*39. Suppose l = 2*o - 0*l - 22, -o - 4*l + 29 = 0. Calculate the highest common divisor of o and y.
13
Let w be 4*3/(-15) - 10240/(-50). Calculate the highest common divisor of w and 60.
12
Let x be (-87)/(-6) - (-3)/(-6). Suppose 4 = 2*k - x. Calculate the greatest common divisor of 12 and k.
3
Let u(z) = 2*z**3 - 7*z**2 - 3*z - 7. Let w be u(7). Suppose -2*t - 7*t = -w. What is the greatest common divisor of t and 14?
7
Suppose 145 + 327 = j + 2*b, 3*j + 2*b - 1408 = 0. Calculate the highest common divisor of j and 52.
52
Let n be (-4)/(-70) - 195561/(-945). What is the highest common divisor of n and 92?
23
Let h(k) be the third derivative of -k**4/24 + 5*k**3/3 + 9*k**2. Let x be h(-14). What is the highest common divisor of x and 36?
12
Suppose -16*z + 455 = -9*z. Calculate the greatest common divisor of 117 and z.
13
Suppose 0 = -2*z - 4, -z - 47 = f - 227. Suppose 2*c = 4*c - f. Calculate the highest common divisor of 7 and c.
7
Suppose -8*i = -4*i - 64. Let f be (6/(-12))/(2/24*1). Let d be 4 + (-24)/9*f/4. Calculate the highest common factor of d and i.
8
Let p be 5/(-2)*-9*8/30. Calculate the highest common factor of 100 and p.
2
Suppose 3*r - 50 = 4*m - 22, m + 3*r + 7 = 0. Let h = 17 + m. Suppose 10*a - 126 = 174. Calculate the highest common divisor of h and a.
10
Let u = -16 + 16. Let z be (-6)/(-3 + 12/8). Suppose v - z - 11 = u. What is the greatest common factor of 6 and v?
3
Suppose 16*d - 24 = 8*d. Suppose 4*w = d*w + 45. What is the greatest common divisor of w and 60?
15
Let c be 48/36 - (-4)/6. Suppose a - 6 = -3, -4*z + 50 = c*a. Calculate the greatest common factor of z and 121.
11
Suppose -2*o = -6*o + 48. Let s(l) = -89*l - 5. Let g(z) = z**2 - 2*z - 1. Let t be g(2). Let f be s(t). What is the greatest common factor of o and f?
12
Let z = -217 - -250. What is the greatest common factor of z and 33?
33
Suppose 2*p = 21 + 11. Let f(r) = -11*r - 8. Suppose 4*u + 10 - 30 = v, 17 = -4*v - 5*u. Let l be f(v). Calculate the highest common factor of p and l.
16
Let s be (-238)/(-18) + (-6)/27. Suppose 3*n - 2*i + 36 = 0, -3*n - 21 - 24 = i. Let y be n/(-21) - (-74)/6. What is the greatest common divisor of s and y?
13
Suppose -3*g - 9 = 0, 4*s - 2*g + 9 - 55 = 0. Let f be 174 + s - (-1 + -2). What is the greatest common divisor of 17 and f?
17
Suppose -4*x = -3*q + 346, 2*q + q = x + 334. Suppose -17*b + 286 = 116. Calculate the highest common divisor of q and b.
10
Let y = -26 - -28. Let c(j) = 31*j**2 - 4. Let t be c(y). What is the highest common divisor of t and 15?
15
Let t = -1003 - -1088. Calculate the highest common divisor of 17 and t.
17
Suppose -4*m = -4*r - 36, 0 = -10*r + 5*r - m - 15. Let y be 13 - (-3)/(3/r). Calculate the greatest common factor of 3 and y.
3
Let b(c) = -c**3 - 13*c**2 - 17*c - 7. Let z be b(-11). Let g = -18 - z. Let n = g - 6. Calculate the highest common factor of 95 and n.
19
Let k = -1622 - -1660. Calculate the highest common divisor of 10 and k.
2
Let f = 443 - 395. What is the greatest common divisor of f and 112?
16
Suppose 11*o = 374 + 11. What is the highest common factor of 10 and o?
5
Let v(o) = -22*o**2 + 63*o - 2. Let i be v(2). Suppose 29 - 209 = -5*k. Calculate the highest common divisor of k and i.
36
Let g = -9 + 16. Suppose -8 = 16*v - 24. Calculate the greatest common divisor of g and v.
1
Let w be 17*(0 - -3)/3. Let j = w - 12. Suppose 8*k - j*k - 12 = 0. Calculate the highest common divisor of k and 12.
4
Suppose -5*z - 4*i = -10, 6 = -0*z + 3*z + 4*i. Calculate the greatest common divisor of z and 38.
2
Let t(k) = -41*k**3 + 2*k**2 + k + 2. Let g be t(-2). Suppose 0*y - g = -2*y. What is the highest common divisor of 28 and y?
28
Suppose 0 = -w - 2*o + 174, 472 = 4*w + 2*o - 230. Calculate the highest common divisor of w and 28.
4
Let l be 6/(1 - -7 - (-79)/(-10)). Let q be 75/((-6)/4 - -2). Calculate the highest common factor of q and l.
30
Let w = 206 + -136. Suppose 0 = 4*a + q - 106, 1317*a + q = 1318*a - 34. What is the greatest common divisor of w and a?
14
Let y(l) = -5*l**2 + 20*l - 34. Let p(b) = 6*b**2 - 21*b + 33. Let s(x) = 6*p(x) + 7*y(x). Let i be s(-18). What is the greatest common divisor of i and 40?
8
Let w(p) = 8 + 5*p**2 - 5 + 5*p + 2 + 0*p. Let q be w(-3). What is the highest common factor of q and 5?
5
Suppose -2*i + 14 = -4*n + 5*n, 5*i + 3*n - 33 = 0. Suppose -i*y + 488 + 160 = 0. What is the greatest common factor of 8 and y?
8
Let m(o) = o**2 + 3*o + 5. Let k be m(-2). Suppose 12 = -k*c - 45. Let y = 2 - c. What is the greatest common divisor of y and 14?
7
Suppose 5*z - 2296 = -2*z. Calculate the greatest common factor of 8 and z.
8
Suppose 792 = 5*x - 2*p, 0*x - 5*x + 820 = 5*p. What is the greatest common factor of 240 and x?
80
Suppose 4*n + 16 = -l, -n + 10*l - 25 = 5*l. Let z be ((-5)/(-1) - n) + 3. What is the highest common factor of 104 and z?
13
Let o = -1243 + 1288. What is the greatest common divisor of 735 and o?
15
Let i(c) = 2*c + 6. Let r be i(-2). Suppose -175 = r*f - 7*f. What is the greatest common factor of f and 385?
35
Let o be (-3)/((-4)/(64/12)). Suppose 7*f - 18 = o*f. What is the highest common divisor of f and 24?
6
Suppose 0 = 92*d - 59*d - 8448. Calculate the greatest common divisor of 48 and d.
16
Let o = -93 + 48. Let i = -13 - o. What is the greatest com